





{"id":3314,"date":"2020-06-25T15:13:55","date_gmt":"2020-06-25T13:13:55","guid":{"rendered":"https:\/\/www.lpv-rottal-inn.de\/?page_id=3314"},"modified":"2025-11-03T11:17:39","modified_gmt":"2025-11-03T10:17:39","slug":"downloads","status":"publish","type":"page","link":"https:\/\/www.lpv-rottal-inn.de\/index.php\/downloads\/","title":{"rendered":"Downloads"},"content":{"rendered":"<div class=\"wpb-content-wrapper\"><p>[vc_row css=&#8220;.vc_custom_1595325193768{margin-top: 60px !important;}&#8220;][vc_column][vc_text_separator title=&#8220;Allgemeines&#8220; title_align=&#8220;separator_align_left&#8220; color=&#8220;custom&#8220; css=&#8220;.vc_custom_1595324585351{margin-top: 40px !important;}&#8220; style=&#8220;solid&#8220; element=&#8220;h3&#8243; accent_color=&#8220;#879927&#8243;][vc_column_text][\/vc_column_text][\/vc_column][vc_column width=&#8220;1\/5&#8243;]<a aria-label=\"Flyer LPV Rottal-Inn\" class=\"porto-sicon-box-link\" href=\"https:\/\/www.lpv-rottal-inn.de\/wp-content\/uploads\/Flyer_LPV_2020_Screen.pdf\" target='_blank'><div class=\"porto-sicon-box  wpb_custom_4411ffce60cc8e2d930345e6d4e3cff6 style_2 left-icon\"><div class=\"porto-sicon-left\"><div class=\"porto-just-icon-wrapper porto-icon none\" style=\"color:#879927;font-size:35px;\"><i class=\"Simple-Line-Icons-book-open\"><\/i><\/div><\/div><div class=\"porto-sicon-body\"><div class=\"porto-sicon-header\"><h3 class=\"porto-sicon-title\" style=\"font-weight:400;font-size:16px;color:#879927;line-height:16px;\">Flyer LPV Rottal-Inn<\/h3><\/div> <!-- header --><\/div><\/div><!-- porto-sicon-box --><\/a>[\/vc_column][vc_column width=&#8220;1\/5&#8243;]<a aria-label=\"Satzung LPV Rottal-Inn\" class=\"porto-sicon-box-link\" href=\"https:\/\/www.lpv-rottal-inn.de\/wp-content\/uploads\/SatzungLPVRottalInn-vom-23Maerz2023.pdf\" target='_blank'><div class=\"porto-sicon-box  wpb_custom_4411ffce60cc8e2d930345e6d4e3cff6 style_2 left-icon\"><div class=\"porto-sicon-left\"><div class=\"porto-just-icon-wrapper porto-icon none\" style=\"color:#879927;font-size:35px;\"><i class=\"Simple-Line-Icons-book-open\"><\/i><\/div><\/div><div class=\"porto-sicon-body\"><div class=\"porto-sicon-header\"><h3 class=\"porto-sicon-title\" style=\"font-weight:400;font-size:16px;color:#879927;line-height:16px;\">Satzung LPV Rottal-Inn<\/h3><\/div> <!-- header --><\/div><\/div><!-- porto-sicon-box --><\/a>[\/vc_column][vc_column width=&#8220;1\/5&#8243;]<a aria-label=\"Beitrittserkl\u00e4rung\" class=\"porto-sicon-box-link\" href=\"https:\/\/www.lpv-rottal-inn.de\/wp-content\/uploads\/Beitrittserklaerung_Stand_20230328.pdf\" target='_blank'><div class=\"porto-sicon-box  wpb_custom_4411ffce60cc8e2d930345e6d4e3cff6 style_2 left-icon\"><div class=\"porto-sicon-left\"><div class=\"porto-just-icon-wrapper porto-icon none\" style=\"color:#879927;font-size:35px;\"><i class=\"Simple-Line-Icons-book-open\"><\/i><\/div><\/div><div class=\"porto-sicon-body\"><div class=\"porto-sicon-header\"><h3 class=\"porto-sicon-title\" style=\"font-weight:400;font-size:16px;color:#879927;line-height:16px;\">Beitrittserkl\u00e4rung<\/h3><\/div> <!-- header --><\/div><\/div><!-- porto-sicon-box --><\/a>[\/vc_column][vc_column width=&#8220;1\/5&#8243;]<a aria-label=\"RAMSAR-Gebietsbetreuung Unterer Inn\" class=\"porto-sicon-box-link\" href=\"https:\/\/www.lpv-rottal-inn.de\/wp-content\/LPV\/Download\/RamsarFlyer.pdf\" target='_blank'><div class=\"porto-sicon-box  wpb_custom_4411ffce60cc8e2d930345e6d4e3cff6 style_2 left-icon\"><div class=\"porto-sicon-left\"><div class=\"porto-just-icon-wrapper porto-icon none\" style=\"color:#879927;font-size:35px;\"><i class=\"Simple-Line-Icons-book-open\"><\/i><\/div><\/div><div class=\"porto-sicon-body\"><div class=\"porto-sicon-header\"><h3 class=\"porto-sicon-title\" style=\"font-weight:400;font-size:16px;color:#879927;line-height:16px;\">RAMSAR-Gebietsbetreuung Unterer Inn<\/h3><\/div> <!-- header --><\/div><\/div><!-- porto-sicon-box --><\/a>[\/vc_column][vc_column][vc_text_separator title=&#8220;Artenschutz&#8220; title_align=&#8220;separator_align_left&#8220; color=&#8220;custom&#8220; css=&#8220;.vc_custom_1595324585351{margin-top: 40px !important;}&#8220; style=&#8220;solid&#8220; element=&#8220;h3&#8243; accent_color=&#8220;#879927&#8243;][vc_column_text]Aktuelle Artenschutzprojekte des LPV im Landkreis Rottal-Inn.[\/vc_column_text][\/vc_column][vc_column width=&#8220;1\/5&#8243;]<a aria-label=\"Wiesenbr\u00fcterschutz in Rottal-Inn\" class=\"porto-sicon-box-link\" href=\"https:\/\/www.lpv-rottal-inn.de\/wp-content\/uploads\/LPV_Wiesenbrueter_Faltblatt_web.pdf\" target='_blank'><div class=\"porto-sicon-box  wpb_custom_4411ffce60cc8e2d930345e6d4e3cff6 style_2 left-icon\"><div class=\"porto-sicon-left\"><div class=\"porto-just-icon-wrapper porto-icon none\" style=\"color:#879927;font-size:35px;\"><i class=\"Simple-Line-Icons-book-open\"><\/i><\/div><\/div><div class=\"porto-sicon-body\"><div class=\"porto-sicon-header\"><h3 class=\"porto-sicon-title\" style=\"font-weight:400;font-size:16px;color:#879927;line-height:16px;\">Wiesenbr\u00fcterschutz in Rottal-Inn<\/h3><\/div> <!-- header --><div class=\"porto-sicon-description\" style=\"color:#555555;\">\n<p style=\"text-align: left;\">Flyer zum fortlaufenden Projekt<\/p>\n<p><\/div> <!-- description --><\/div><\/div><!-- porto-sicon-box --><\/a>[\/vc_column][vc_column width=&#8220;1\/5&#8243;]<a aria-label=\"Insektenfreunde Rottal-Inn\" class=\"porto-sicon-box-link\" href=\"https:\/\/www.lpv-rottal-inn.de\/wp-content\/uploads\/LPV_InsektenfreundeRI_Bewirtschafter_Projektfaltblatt.pdf\" target='_blank'><div class=\"porto-sicon-box  wpb_custom_4411ffce60cc8e2d930345e6d4e3cff6 style_2 left-icon\"><div class=\"porto-sicon-left\"><div class=\"porto-just-icon-wrapper porto-icon none\" style=\"color:#879927;font-size:35px;\"><i class=\"Simple-Line-Icons-book-open\"><\/i><\/div><\/div><div class=\"porto-sicon-body\"><div class=\"porto-sicon-header\"><h3 class=\"porto-sicon-title\" style=\"font-weight:400;font-size:16px;color:#879927;line-height:16px;\">Insektenfreunde Rottal-Inn<\/h3><\/div> <!-- header --><div class=\"porto-sicon-description\" style=\"color:#555555;\">Flyer f\u00fcr Bewirtschafter<\/div> <!-- description --><\/div><\/div><!-- porto-sicon-box --><\/a>[\/vc_column][vc_column width=&#8220;1\/5&#8243;]<a aria-label=\"Empfehlungen zur Wiesenmahd\" class=\"porto-sicon-box-link\" href=\"https:\/\/www.lpv-rottal-inn.de\/wp-content\/uploads\/LPV_InsektenfreundeRI_Wiesenmahd_DINLang.pdf\" target='_blank'><div class=\"porto-sicon-box  wpb_custom_4411ffce60cc8e2d930345e6d4e3cff6 style_2 left-icon\"><div class=\"porto-sicon-left\"><div class=\"porto-just-icon-wrapper porto-icon none\" style=\"color:#879927;font-size:35px;\"><i class=\"Simple-Line-Icons-book-open\"><\/i><\/div><\/div><div class=\"porto-sicon-body\"><div class=\"porto-sicon-header\"><h3 class=\"porto-sicon-title\" style=\"font-weight:400;font-size:16px;color:#879927;line-height:16px;\">Empfehlungen zur Wiesenmahd<\/h3><\/div> <!-- header --><div class=\"porto-sicon-description\" style=\"color:#555555;\">Empfehlungen f\u00fcr Bewirtschafter<\/div> <!-- description --><\/div><\/div><!-- porto-sicon-box --><\/a>[\/vc_column][vc_column width=&#8220;1\/5&#8243;]<a aria-label=\"Wiesenrarit\u00e4ten und Rare Wiesen\" class=\"porto-sicon-box-link\" href=\"https:\/\/www.lpv-rottal-inn.de\/wp-content\/uploads\/LPV_Wiesenbingo_Faltblatt.pdf\" target='_blank'><div class=\"porto-sicon-box  wpb_custom_4411ffce60cc8e2d930345e6d4e3cff6 style_2 left-icon\"><div class=\"porto-sicon-left\"><div class=\"porto-just-icon-wrapper porto-icon none\" style=\"color:#879927;font-size:35px;\"><i class=\"Simple-Line-Icons-book-open\"><\/i><\/div><\/div><div class=\"porto-sicon-body\"><div class=\"porto-sicon-header\"><h3 class=\"porto-sicon-title\" style=\"font-weight:400;font-size:16px;color:#879927;line-height:16px;\">Wiesenrarit\u00e4ten und Rare Wiesen<\/h3><\/div> <!-- header --><div class=\"porto-sicon-description\" style=\"color:#555555;\">Flyer mit Wiesen-Bingo<\/div> <!-- description --><\/div><\/div><!-- porto-sicon-box --><\/a>[\/vc_column][vc_column][vc_text_separator title=&#8220;Projekt Blumenwiesen&#8220; title_align=&#8220;separator_align_left&#8220; color=&#8220;custom&#8220; css=&#8220;.vc_custom_1595324585351{margin-top: 40px !important;}&#8220; style=&#8220;solid&#8220; element=&#8220;h3&#8243; accent_color=&#8220;#879927&#8243;][vc_column_text]Informationen zu unserem laufenden Projekt und den Vorg\u00e4nger-Projekten.[\/vc_column_text][\/vc_column][vc_column width=&#8220;1\/5&#8243;]<a aria-label=\"Insektenreich(e)\" class=\"porto-sicon-box-link\" href=\"https:\/\/www.lpv-rottal-inn.de\/wp-content\/uploads\/LPV_Insektenreich_2023_Faltblatt_Web.pdf\" target='_blank'><div class=\"porto-sicon-box  wpb_custom_4411ffce60cc8e2d930345e6d4e3cff6 style_2 left-icon\"><div class=\"porto-sicon-left\"><div class=\"porto-just-icon-wrapper porto-icon none\" style=\"color:#879927;font-size:35px;\"><i class=\"Simple-Line-Icons-book-open\"><\/i><\/div><\/div><div class=\"porto-sicon-body\"><div class=\"porto-sicon-header\"><h3 class=\"porto-sicon-title\" style=\"font-weight:400;font-size:16px;color:#879927;line-height:16px;\">Insektenreich(e)<\/h3><\/div> <!-- header --><div class=\"porto-sicon-description\" style=\"color:#555555;\">\n<p style=\"text-align: left;\">Flyer zum fortlaufenden Projekt.<\/p>\n<p><\/div> <!-- description --><\/div><\/div><!-- porto-sicon-box --><\/a>[\/vc_column][vc_column width=&#8220;1\/5&#8243;]<a aria-label=\"Nat\u00fcrlich Bayern\" class=\"porto-sicon-box-link\" href=\"https:\/\/www.lpv-rottal-inn.de\/wp-content\/uploads\/Zwickelbleame_Faltblatt.pdf\" target='_blank'><div class=\"porto-sicon-box  wpb_custom_4411ffce60cc8e2d930345e6d4e3cff6 style_2 left-icon\"><div class=\"porto-sicon-left\"><div class=\"porto-just-icon-wrapper porto-icon none\" style=\"color:#879927;font-size:35px;\"><i class=\"Simple-Line-Icons-book-open\"><\/i><\/div><\/div><div class=\"porto-sicon-body\"><div class=\"porto-sicon-header\"><h3 class=\"porto-sicon-title\" style=\"font-weight:400;font-size:16px;color:#879927;line-height:16px;\">Nat\u00fcrlich Bayern<\/h3><\/div> <!-- header --><div class=\"porto-sicon-description\" style=\"color:#555555;\">inkl. einer Anleitung zum Bau eines Wildbienenhauses<\/div> <!-- description --><\/div><\/div><!-- porto-sicon-box --><\/a>[\/vc_column][vc_column width=&#8220;1\/5&#8243;]<a aria-label=\"Bl\u00fchende Dorfwiesen\" class=\"porto-sicon-box-link\" href=\"https:\/\/www.lpv-rottal-inn.de\/wp-content\/LPV\/Download\/DW_Flyer2.pdf\" target='_blank'><div class=\"porto-sicon-box  wpb_custom_4411ffce60cc8e2d930345e6d4e3cff6 style_2 left-icon\"><div class=\"porto-sicon-left\"><div class=\"porto-just-icon-wrapper porto-icon none\" style=\"color:#879927;font-size:35px;\"><i class=\"Simple-Line-Icons-book-open\"><\/i><\/div><\/div><div class=\"porto-sicon-body\"><div class=\"porto-sicon-header\"><h3 class=\"porto-sicon-title\" style=\"font-weight:400;font-size:16px;color:#879927;line-height:16px;\">Bl\u00fchende Dorfwiesen<\/h3><\/div> <!-- header --><div class=\"porto-sicon-description\" style=\"color:#555555;\">Zusammensetzung Regiomischung<\/div> <!-- description --><\/div><\/div><!-- porto-sicon-box --><\/a>[\/vc_column][vc_column width=&#8220;1\/5&#8243;]<a aria-label=\"Brachestreifen\" class=\"porto-sicon-box-link\" href=\"https:\/\/www.lpv-rottal-inn.de\/wp-content\/LPV\/Download\/Brachestreifen_Postkarte.pdf\" target='_blank'><div class=\"porto-sicon-box  wpb_custom_4411ffce60cc8e2d930345e6d4e3cff6 style_2 left-icon\"><div class=\"porto-sicon-left\"><div class=\"porto-just-icon-wrapper porto-icon none\" style=\"color:#879927;font-size:35px;\"><i class=\"Simple-Line-Icons-book-open\"><\/i><\/div><\/div><div class=\"porto-sicon-body\"><div class=\"porto-sicon-header\"><h3 class=\"porto-sicon-title\" style=\"font-weight:400;font-size:16px;color:#879927;line-height:16px;\">Brachestreifen<\/h3><\/div> <!-- header --><div class=\"porto-sicon-description\" style=\"color:#555555;\">\u2026sind wertvolle Deckungs- und R\u00fcckzugsm\u00f6glichkeiten<\/div> <!-- description --><\/div><\/div><!-- porto-sicon-box --><\/a>[\/vc_column][vc_column][vc_text_separator title=&#8220;Projekt UrEinwohner&#8220; title_align=&#8220;separator_align_left&#8220; color=&#8220;custom&#8220; css=&#8220;.vc_custom_1595330533022{margin-top: 40px !important;}&#8220; style=&#8220;solid&#8220; element=&#8220;h3&#8243; accent_color=&#8220;#879927&#8243;][vc_column_text]Eine Kampagne des <a href=\"https:\/\/www.bayerns-ureinwohner.de\">Deutschen Verbandes f\u00fcr Landschaftspflege (DVL).<\/a>[\/vc_column_text][\/vc_column][vc_column width=&#8220;1\/4&#8243;]<a aria-label=\"Artenarmut - Arme Arten\" class=\"porto-sicon-box-link\" href=\"https:\/\/www.lpv-rottal-inn.de\/wp-content\/LPV\/Download\/FlyerUrEinwohner.pdf\" target='_blank'><div class=\"porto-sicon-box  wpb_custom_4411ffce60cc8e2d930345e6d4e3cff6 style_2 left-icon\"><div class=\"porto-sicon-left\"><div class=\"porto-just-icon-wrapper porto-icon none\" style=\"color:#879927;font-size:35px;\"><i class=\"Simple-Line-Icons-book-open\"><\/i><\/div><\/div><div class=\"porto-sicon-body\"><div class=\"porto-sicon-header\"><h3 class=\"porto-sicon-title\" style=\"font-weight:400;font-size:16px;color:#879927;line-height:16px;\">Artenarmut - Arme Arten<\/h3><p>Klassenzimmerst\u00fcck zum Thema Biodiversit\u00e4t<\/p><\/div> <!-- header --><div class=\"porto-sicon-description\" style=\"color:#555555;\">\n<p style=\"text-align: left;\">Brosch\u00fcre mit den gek\u00fcrzten Texten des Theaterst\u00fcckes und den dazu passenden Zeichnungen der Sch\u00fcler und Sch\u00fclerinnen<\/p>\n<p>Jahr: 2019<\/div> <!-- description --><\/div><\/div><!-- porto-sicon-box --><\/a>[\/vc_column][vc_column width=&#8220;1\/4&#8243;]<a aria-label=\"Der Kiebitz\" class=\"porto-sicon-box-link\" href=\"https:\/\/www.lpv-rottal-inn.de\/wp-content\/uploads\/Faltblatt_Kiebitz.pdf\" target='_blank'><div class=\"porto-sicon-box  wpb_custom_4411ffce60cc8e2d930345e6d4e3cff6 style_2 left-icon\"><div class=\"porto-sicon-left\"><div class=\"porto-just-icon-wrapper porto-icon none\" style=\"color:#879927;font-size:35px;\"><i class=\"Simple-Line-Icons-book-open\"><\/i><\/div><\/div><div class=\"porto-sicon-body\"><div class=\"porto-sicon-header\"><h3 class=\"porto-sicon-title\" style=\"font-weight:400;font-size:16px;color:#879927;line-height:16px;\">Der Kiebitz<\/h3><p>Landschaftspflege im besiedelten Bereich<\/p><\/div> <!-- header --><div class=\"porto-sicon-description\" style=\"color:#555555;\">\n<p style=\"text-align: left;\">Flyer zum Projekt von 2016 rund um den Kiebitz.<\/p>\n<p>Jahr: 2016<\/div> <!-- description --><\/div><\/div><!-- porto-sicon-box --><\/a>[\/vc_column][vc_column width=&#8220;1\/4&#8243;]<a aria-label=\"Der Schwarzstorch\" class=\"porto-sicon-box-link\" href=\"https:\/\/www.lpv-rottal-inn.de\/wp-content\/uploads\/Faltblatt_Schwarzstorch.pdf\" target='_blank'><div class=\"porto-sicon-box  wpb_custom_4411ffce60cc8e2d930345e6d4e3cff6 style_2 left-icon\"><div class=\"porto-sicon-left\"><div class=\"porto-just-icon-wrapper porto-icon none\" style=\"color:#879927;font-size:35px;\"><i class=\"Simple-Line-Icons-book-open\"><\/i><\/div><\/div><div class=\"porto-sicon-body\"><div class=\"porto-sicon-header\"><h3 class=\"porto-sicon-title\" style=\"font-weight:400;font-size:16px;color:#879927;line-height:16px;\">Der Schwarzstorch<\/h3><p>Ein UrBayer kehrt zur\u00fcck<\/p><\/div> <!-- header --><div class=\"porto-sicon-description\" style=\"color:#555555;\">\n<p style=\"text-align: left;\">Flyer zum Projekt von 2011 rund um den Schwarzstorch.<\/p>\n<p>Jahr: 2011<\/div> <!-- description --><\/div><\/div><!-- porto-sicon-box --><\/a>[\/vc_column][vc_column][vc_text_separator title=&#8220;Jahresberichte und Landkreiskalender&#8220; title_align=&#8220;separator_align_left&#8220; color=&#8220;custom&#8220; css=&#8220;.vc_custom_1643113550838{margin-top: 60px !important;}&#8220; style=&#8220;solid&#8220; element=&#8220;h3&#8243; accent_color=&#8220;#879927&#8243;][\/vc_column][\/vc_row][vc_row css=&#8220;.vc_custom_1595324984434{margin-top: 25px !important;}&#8220;][vc_column width=&#8220;1\/4&#8243;]<a aria-label=\"Jahresberichte\" class=\"porto-sicon-box-link\" href=\"https:\/\/www.lpv-rottal-inn.de\/index.php\/jahresberichte\/\" target='_blank' title='Jahresberichte'><div class=\"porto-sicon-box  wpb_custom_4411ffce60cc8e2d930345e6d4e3cff6 style_2 left-icon\"><div class=\"porto-sicon-left\"><div class=\"porto-just-icon-wrapper porto-icon none\" style=\"color:#879927;font-size:35px;\"><i class=\"Simple-Line-Icons-notebook\"><\/i><\/div><\/div><div class=\"porto-sicon-body\"><div class=\"porto-sicon-header\"><h3 class=\"porto-sicon-title\" style=\"font-weight:400;font-size:16px;color:#879927;line-height:16px;\">Jahresberichte<\/h3><\/div> <!-- header --><div class=\"porto-sicon-description\" style=\"color:#555555;\">Unsere Jahresberichte aus den Jahren 2010-2014 und 2018-2021 finden Sie hier.<\/div> <!-- description --><\/div><\/div><!-- porto-sicon-box --><\/a>[\/vc_column][vc_column width=&#8220;1\/4&#8243;]<a aria-label=\"Landkreiskalender\" class=\"porto-sicon-box-link\" href=\"https:\/\/www.lpv-rottal-inn.de\/index.php\/landkreiskalender\/\" target='_blank' title='Landkreiskalender'><div class=\"porto-sicon-box  wpb_custom_4411ffce60cc8e2d930345e6d4e3cff6 style_2 left-icon\"><div class=\"porto-sicon-left\"><div class=\"porto-just-icon-wrapper porto-icon none\" style=\"color:#879927;font-size:35px;\"><i class=\"Simple-Line-Icons-calendar\"><\/i><\/div><\/div><div class=\"porto-sicon-body\"><div class=\"porto-sicon-header\"><h3 class=\"porto-sicon-title\" style=\"font-weight:400;font-size:16px;color:#879927;line-height:16px;\">Landkreiskalender<\/h3><\/div> <!-- header --><div class=\"porto-sicon-description\" style=\"color:#555555;\">Unsere Landkreiskalender aus den Jahren 2015, 2017, 2019, 2021 und 2023 finden Sie hier.<\/div> <!-- description --><\/div><\/div><!-- porto-sicon-box --><\/a>[\/vc_column][\/vc_row]<\/p>\n<\/div>","protected":false},"excerpt":{"rendered":"<p>[vc_row css=&#8220;.vc_custom_1595325193768{margin-top: 60px !important;}&#8220;][vc_column][vc_text_separator title=&#8220;Allgemeines&#8220; title_align=&#8220;separator_align_left&#8220; color=&#8220;custom&#8220; css=&#8220;.vc_custom_1595324585351{margin-top: 40px !important;}&#8220; style=&#8220;solid&#8220; element=&#8220;h3&#8243; accent_color=&#8220;#879927&#8243;][vc_column_text][\/vc_column_text][\/vc_column][vc_column width=&#8220;1\/5&#8243;][\/vc_column][vc_column width=&#8220;1\/5&#8243;][\/vc_column][vc_column width=&#8220;1\/5&#8243;][\/vc_column][vc_column width=&#8220;1\/5&#8243;][\/vc_column][vc_column][vc_text_separator title=&#8220;Artenschutz&#8220; title_align=&#8220;separator_align_left&#8220; color=&#8220;custom&#8220; css=&#8220;.vc_custom_1595324585351{margin-top: 40px !important;}&#8220; style=&#8220;solid&#8220; element=&#8220;h3&#8243; accent_color=&#8220;#879927&#8243;][vc_column_text]Aktuelle Artenschutzprojekte des LPV im Landkreis Rottal-Inn.[\/vc_column_text][\/vc_column][vc_column width=&#8220;1\/5&#8243;][\/vc_column][vc_column width=&#8220;1\/5&#8243;][\/vc_column][vc_column width=&#8220;1\/5&#8243;][\/vc_column][vc_column width=&#8220;1\/5&#8243;][\/vc_column][vc_column][vc_text_separator title=&#8220;Projekt Blumenwiesen&#8220; title_align=&#8220;separator_align_left&#8220; color=&#8220;custom&#8220; css=&#8220;.vc_custom_1595324585351{margin-top: 40px !important;}&#8220; style=&#8220;solid&#8220; element=&#8220;h3&#8243; accent_color=&#8220;#879927&#8243;][vc_column_text]Informationen zu unserem laufenden Projekt und den Vorg\u00e4nger-Projekten.[\/vc_column_text][\/vc_column][vc_column width=&#8220;1\/5&#8243;][\/vc_column][vc_column width=&#8220;1\/5&#8243;][\/vc_column][vc_column [&hellip;]<\/p>\n","protected":false},"author":3,"featured_media":0,"parent":0,"menu_order":0,"comment_status":"closed","ping_status":"closed","template":"","meta":{"footnotes":""},"class_list":["post-3314","page","type-page","status-publish","hentry"],"_links":{"self":[{"href":"https:\/\/www.lpv-rottal-inn.de\/index.php\/wp-json\/wp\/v2\/pages\/3314","targetHints":{"allow":["GET"]}}],"collection":[{"href":"https:\/\/www.lpv-rottal-inn.de\/index.php\/wp-json\/wp\/v2\/pages"}],"about":[{"href":"https:\/\/www.lpv-rottal-inn.de\/index.php\/wp-json\/wp\/v2\/types\/page"}],"author":[{"embeddable":true,"href":"https:\/\/www.lpv-rottal-inn.de\/index.php\/wp-json\/wp\/v2\/users\/3"}],"replies":[{"embeddable":true,"href":"https:\/\/www.lpv-rottal-inn.de\/index.php\/wp-json\/wp\/v2\/comments?post=3314"}],"version-history":[{"count":136,"href":"https:\/\/www.lpv-rottal-inn.de\/index.php\/wp-json\/wp\/v2\/pages\/3314\/revisions"}],"predecessor-version":[{"id":4867,"href":"https:\/\/www.lpv-rottal-inn.de\/index.php\/wp-json\/wp\/v2\/pages\/3314\/revisions\/4867"}],"wp:attachment":[{"href":"https:\/\/www.lpv-rottal-inn.de\/index.php\/wp-json\/wp\/v2\/media?parent=3314"}],"curies":[{"name":"wp","href":"https:\/\/api.w.org\/{rel}","templated":true}]}}